{"id":78,"date":"2017-09-01T09:39:26","date_gmt":"2017-09-01T07:39:26","guid":{"rendered":"http:\/\/morglblmusic.com\/?page_id=78"},"modified":"2019-02-23T10:04:54","modified_gmt":"2019-02-23T09:04:54","slug":"the-band","status":"publish","type":"page","link":"https:\/\/morglblmusic.com\/index.php\/the-band\/","title":{"rendered":"The Band"},"content":{"rendered":"<ul>\n<li>CHRISTOPHE \u00a0<a href=\"http:\/\/www.christophegodin.com\">http:\/\/www.christophegodin.com<\/a><\/li>\n<\/ul>\n<p><img data-recalc-dims=\"1\" loading=\"lazy\" decoding=\"async\" data-attachment-id=\"97\" data-permalink=\"https:\/\/morglblmusic.com\/index.php\/the-band\/17342654_10155138993183584_581390700248429359_n\/\" data-orig-file=\"https:\/\/i0.wp.com\/morglblmusic.com\/wp-content\/uploads\/2017\/09\/17342654_10155138993183584_581390700248429359_n.jpg?fit=595%2C595&amp;ssl=1\" data-orig-size=\"595,595\" data-comments-opened=\"1\" data-image-meta=\"{&quot;aperture&quot;:&quot;0&quot;,&quot;credit&quot;:&quot;&quot;,&quot;camera&quot;:&quot;&quot;,&quot;caption&quot;:&quot;&quot;,&quot;created_timestamp&quot;:&quot;0&quot;,&quot;copyright&quot;:&quot;&quot;,&quot;focal_length&quot;:&quot;0&quot;,&quot;iso&quot;:&quot;0&quot;,&quot;shutter_speed&quot;:&quot;0&quot;,&quot;title&quot;:&quot;&quot;,&quot;orientation&quot;:&quot;0&quot;}\" data-image-title=\"17342654_10155138993183584_581390700248429359_n\" data-image-description=\"\" data-image-caption=\"\" data-medium-file=\"https:\/\/i0.wp.com\/morglblmusic.com\/wp-content\/uploads\/2017\/09\/17342654_10155138993183584_581390700248429359_n.jpg?fit=300%2C300&amp;ssl=1\" data-large-file=\"https:\/\/i0.wp.com\/morglblmusic.com\/wp-content\/uploads\/2017\/09\/17342654_10155138993183584_581390700248429359_n.jpg?fit=474%2C474&amp;ssl=1\" class=\"alignnone size-medium wp-image-97\" src=\"https:\/\/i0.wp.com\/morglblmusic.com\/wp-content\/uploads\/2017\/09\/17342654_10155138993183584_581390700248429359_n.jpg?resize=300%2C300\" alt=\"\" width=\"300\" height=\"300\" srcset=\"https:\/\/i0.wp.com\/morglblmusic.com\/wp-content\/uploads\/2017\/09\/17342654_10155138993183584_581390700248429359_n.jpg?resize=300%2C300&amp;ssl=1 300w, https:\/\/i0.wp.com\/morglblmusic.com\/wp-content\/uploads\/2017\/09\/17342654_10155138993183584_581390700248429359_n.jpg?resize=150%2C150&amp;ssl=1 150w, https:\/\/i0.wp.com\/morglblmusic.com\/wp-content\/uploads\/2017\/09\/17342654_10155138993183584_581390700248429359_n.jpg?w=595&amp;ssl=1 595w\" sizes=\"auto, (max-width: 300px) 100vw, 300px\" \/><\/p>\n<ul>\n<li>IVAN\u00a0<a href=\"http:\/\/www.ivanrougny.com\">http:\/\/www.ivanrougny.com<\/a><\/li>\n<\/ul>\n<p><img data-recalc-dims=\"1\" loading=\"lazy\" decoding=\"async\" data-attachment-id=\"98\" data-permalink=\"https:\/\/morglblmusic.com\/index.php\/the-band\/543273_278293982247073_1172247000_n\/\" data-orig-file=\"https:\/\/i0.wp.com\/morglblmusic.com\/wp-content\/uploads\/2017\/09\/543273_278293982247073_1172247000_n.jpg?fit=960%2C425&amp;ssl=1\" data-orig-size=\"960,425\" data-comments-opened=\"1\" data-image-meta=\"{&quot;aperture&quot;:&quot;0&quot;,&quot;credit&quot;:&quot;&quot;,&quot;camera&quot;:&quot;&quot;,&quot;caption&quot;:&quot;&quot;,&quot;created_timestamp&quot;:&quot;0&quot;,&quot;copyright&quot;:&quot;&quot;,&quot;focal_length&quot;:&quot;0&quot;,&quot;iso&quot;:&quot;0&quot;,&quot;shutter_speed&quot;:&quot;0&quot;,&quot;title&quot;:&quot;&quot;,&quot;orientation&quot;:&quot;0&quot;}\" data-image-title=\"543273_278293982247073_1172247000_n\" data-image-description=\"\" data-image-caption=\"\" data-medium-file=\"https:\/\/i0.wp.com\/morglblmusic.com\/wp-content\/uploads\/2017\/09\/543273_278293982247073_1172247000_n.jpg?fit=300%2C133&amp;ssl=1\" data-large-file=\"https:\/\/i0.wp.com\/morglblmusic.com\/wp-content\/uploads\/2017\/09\/543273_278293982247073_1172247000_n.jpg?fit=474%2C210&amp;ssl=1\" class=\"alignnone size-medium wp-image-98\" src=\"https:\/\/i0.wp.com\/morglblmusic.com\/wp-content\/uploads\/2017\/09\/543273_278293982247073_1172247000_n.jpg?resize=300%2C133\" alt=\"\" width=\"300\" height=\"133\" srcset=\"https:\/\/i0.wp.com\/morglblmusic.com\/wp-content\/uploads\/2017\/09\/543273_278293982247073_1172247000_n.jpg?resize=300%2C133&amp;ssl=1 300w, https:\/\/i0.wp.com\/morglblmusic.com\/wp-content\/uploads\/2017\/09\/543273_278293982247073_1172247000_n.jpg?resize=768%2C340&amp;ssl=1 768w, https:\/\/i0.wp.com\/morglblmusic.com\/wp-content\/uploads\/2017\/09\/543273_278293982247073_1172247000_n.jpg?w=960&amp;ssl=1 960w\" sizes=\"auto, (max-width: 300px) 100vw, 300px\" \/><\/p>\n<ul>\n<li>AUREL\u00a0<a href=\"http:\/\/www.aurelienouzoulias.com\">http:\/\/www.aurelienouzoulias.com \u00a0<\/a><\/li>\n<\/ul>\n<p><img data-recalc-dims=\"1\" loading=\"lazy\" decoding=\"async\" data-attachment-id=\"99\" data-permalink=\"https:\/\/morglblmusic.com\/index.php\/the-band\/morglbl-guitare-en-scene-2015\/\" data-orig-file=\"https:\/\/i0.wp.com\/morglblmusic.com\/wp-content\/uploads\/2017\/09\/ALX3439.jpg?fit=4256%2C2832&amp;ssl=1\" data-orig-size=\"4256,2832\" data-comments-opened=\"1\" data-image-meta=\"{&quot;aperture&quot;:&quot;0&quot;,&quot;credit&quot;:&quot;A.COESNON         www.tomapower.&quot;,&quot;camera&quot;:&quot;&quot;,&quot;caption&quot;:&quot;&quot;,&quot;created_timestamp&quot;:&quot;0&quot;,&quot;copyright&quot;:&quot;\\u00a9 Alexandre Coesnon Photography&quot;,&quot;focal_length&quot;:&quot;0&quot;,&quot;iso&quot;:&quot;0&quot;,&quot;shutter_speed&quot;:&quot;0&quot;,&quot;title&quot;:&quot;M\\u00f6rglbl | Guitare en Sc\\u00e8ne 2015&quot;,&quot;orientation&quot;:&quot;1&quot;}\" data-image-title=\"M\u00f6rglbl | Guitare en Sc\u00e8ne 2015\" data-image-description=\"\" data-image-caption=\"\" data-medium-file=\"https:\/\/i0.wp.com\/morglblmusic.com\/wp-content\/uploads\/2017\/09\/ALX3439.jpg?fit=300%2C200&amp;ssl=1\" data-large-file=\"https:\/\/i0.wp.com\/morglblmusic.com\/wp-content\/uploads\/2017\/09\/ALX3439.jpg?fit=474%2C315&amp;ssl=1\" class=\"alignnone size-medium wp-image-99\" src=\"https:\/\/i0.wp.com\/morglblmusic.com\/wp-content\/uploads\/2017\/09\/ALX3439.jpg?resize=300%2C200\" alt=\"\" width=\"300\" height=\"200\" srcset=\"https:\/\/i0.wp.com\/morglblmusic.com\/wp-content\/uploads\/2017\/09\/ALX3439.jpg?resize=300%2C200&amp;ssl=1 300w, https:\/\/i0.wp.com\/morglblmusic.com\/wp-content\/uploads\/2017\/09\/ALX3439.jpg?resize=768%2C511&amp;ssl=1 768w, https:\/\/i0.wp.com\/morglblmusic.com\/wp-content\/uploads\/2017\/09\/ALX3439.jpg?resize=1024%2C681&amp;ssl=1 1024w, https:\/\/i0.wp.com\/morglblmusic.com\/wp-content\/uploads\/2017\/09\/ALX3439.jpg?resize=1200%2C798&amp;ssl=1 1200w, https:\/\/i0.wp.com\/morglblmusic.com\/wp-content\/uploads\/2017\/09\/ALX3439.jpg?w=948 948w, https:\/\/i0.wp.com\/morglblmusic.com\/wp-content\/uploads\/2017\/09\/ALX3439.jpg?w=1422 1422w\" sizes=\"auto, (max-width: 300px) 100vw, 300px\" \/><\/p>\n<p><strong>Band Biography (English)<\/strong><\/p>\n<p>Led by guitarist Christophe Godin and Ivan Rougny on bass, M\u00f6rglbl gained an\u00a0international following with the release of their first two albums in 1997 and 1998.\u00a0Years of constant touring required the band take a break.\u00a0By 2007 M\u00f6rglbl released Gr\u00f6tesk which drove their popularity all over the globe -particularly in the USA &#8211; and were invited to perform at Europe\u2019s famous FrankZappa tribute festival, ZAPPANALE.<\/p>\n<p>M\u00f6rglbl shifted in late 2007 when drummer Aur\u00e9lien Ouzoulias joined the band and\u00a0kicked them into high gear ultimately resulting in 2009\u2019s highly acclaimed Jazz ForThe Deaf.<\/p>\n<p>2008 saw M\u00f6rglbl become the smash surprise of NEARfest X, America\u2019s largest\u00a0progressive rock music festival where the stunned audience gave a standing ovation\u00a0and cheered through a double encore.<\/p>\n<p>Intensive touring throughout Europe, Russia, China and the US followed right through 2012\u2019s Brutal Romance album. Along the way\u00a0they shared the stage with the likes of Liquid Tension Experiment, Panzerballet, Freak\u00a0Kitchen, Echoline, and Umphrey\u2019s McGee.<\/p>\n<p>Often described as Primus meets Steve Vai or The Beatles meet Pantera, M\u00f6rglbl&#8217;s live\u00a0performances veer toward the crazy by mixing substantial metal riffs with subtle\u00a0jazz harmonies, deep pocket grooves, and their trademark goofball humor.<\/p>\n<p>M\u00f6rglbl\u2019s 7th album The StoryOf Scott R\u00f6tti drops in February 2019.<\/p>\n<p><strong>Biographie\u00a0<\/strong><\/p>\n<p>Men\u00e9 par le guitariste Christophe Godin et le bassiste Ivan Rougny, M\u00f6rglbl obtint rapidement\u00a0une reconnaissance internationale avec deux premiers albums sortis en 1997 et 1998.\u00a0En 2006 apr\u00e8s un break de quelques ann\u00e9es, M\u00f6rglbl d\u00e9cide de remettre le couvert avec un\u00a0nouvel album \u00abGr\u00f6tesk\u00bb (Laser\u2019s Edge 2007), qui permet au groupe de se faire un nom un peu\u00a0partout dans le monde et tout particuli\u00e8rement aux Etats-Unis. Ils font cette ann\u00e9e un passage\u00a0tr\u00e8s remarqu\u00e9 au Festival ZAPPANALE, hommage \u00e0 Franck Zappa.<\/p>\n<p>En Novembre 2007, Aur\u00e9lien Ouzoulias, un batteur tous terrains, grand habitu\u00e9 des sc\u00e8nes fran\u00e7aises rejoint le groupe. Son arriv\u00e9e donnera un coup de boost \u00e0 la musique du groupe qui\u00a0sort \u00ab J\u00e4zz for the Deaf \u00bb en 2009.<\/p>\n<p>Le groupe se retrouve propuls\u00e9 sur les plus grands festivals am\u00e9ricains de musique Prog et Jazz-Fusion. En 2008 lors d\u2019une tourn\u00e9e am\u00e9ricaine le groupe fait un passage tr\u00e8s remarqu\u00e9 au festival\u00a0prog NEARFEST.<\/p>\n<p>M\u00f6rglbl a tourn\u00e9 intens\u00e9ment durant ces derni\u00e8res ann\u00e9es dans toute l&#8217;Europe, la Russie, la Chine\u00a0et les Etats-Unis, parfois en partageant la sc\u00e8ne avec d\u2019autres grands noms de la sc\u00e8ne prog:\u00a0Panzerballett, Freak Kitchen, Liquid Tension Experiment, The Aristocrats. Echoline<\/p>\n<p>Sur sc\u00e8ne, le groupe fonctionne de fa\u00e7on quasi t\u00e9l\u00e9pathique, passant sans crier gare du m\u00e9tal le\u00a0plus puissant, au jazz le plus subtil, avec en filigrane un groove toujours omnipr\u00e9sent, le tout\u00a0saupoudr\u00e9 d\u2019une grosse dose d\u2019humour qui est devenu leur trademark. Le groupe est souvent\u00a0compar\u00e9 \u00e0 Primus ayant rencontr\u00e9 Steve Vai et Alan Holdsworth ou les Beatles ayant rencontr\u00e9\u00a0Pantera, sous l\u2019oeil bienveillant de Franck Zappa.<\/p>\n<p>Apr\u00e8s la sortie en 2015 de Tea Time for P\u00fcnks et plus de 100 concerts dans le monde entier,\u00a0M\u00f6rglbl a c\u00e9l\u00e9br\u00e9 ses 20 ans de rock sur la plan\u00e8te, un DVD live du 20e anniversaire a \u00e9t\u00e9\u00a0enregistr\u00e9 en 2018 et sortira en 2019.<\/p>\n<p>Pendant ce temps, tout en restant en tourn\u00e9e pour promouvoir Tea Time pour P\u00fcnks, le groupe a\u00a0compos\u00e9 et enregistr\u00e9 leur septi\u00e8me album, The Story of Scott R\u00f6tti, qui sortira le 1er f\u00e9vrier.\u00a0Probablement leur album le plus abouti \u00e0 ce jour avec tous les ingr\u00e9dients qui ont fait du trio l\u2019un\u00a0des combos les plus excitants du genre !!!<\/p>\n<p>M\u00f6rglbl s&#8217;est embarqu\u00e9 dans un tour du monde qui les m\u00e8nera \u00e0 travers l&#8217;Europe, les Etats-Unis,\u00a0la Chine et plus encore !!!<\/p>\n<p>Attention ils arrivent!!!<\/p>\n","protected":false},"excerpt":{"rendered":"<p>CHRISTOPHE \u00a0http:\/\/www.christophegodin.com IVAN\u00a0http:\/\/www.ivanrougny.com AUREL\u00a0http:\/\/www.aurelienouzoulias.com \u00a0 Band Biography (English) Led by guitarist Christophe Godin and Ivan Rougny on bass, M\u00f6rglbl gained an\u00a0international following with the release of their first two albums in 1997 and 1998.\u00a0Years of constant touring required the band take a break.\u00a0By 2007 M\u00f6rglbl released Gr\u00f6tesk which drove their popularity all over the globe &hellip; <a href=\"https:\/\/morglblmusic.com\/index.php\/the-band\/\" class=\"more-link\">Continue reading <span class=\"screen-reader-text\">The Band<\/span> <span class=\"meta-nav\">&rarr;<\/span><\/a><\/p>\n","protected":false},"author":1,"featured_media":0,"parent":0,"menu_order":0,"comment_status":"closed","ping_status":"closed","template":"","meta":{"jetpack_post_was_ever_published":false,"footnotes":""},"class_list":["post-78","page","type-page","status-publish","hentry"],"aioseo_notices":[],"jetpack_sharing_enabled":true,"jetpack_shortlink":"https:\/\/wp.me\/P98i6G-1g","jetpack_likes_enabled":true,"_links":{"self":[{"href":"https:\/\/morglblmusic.com\/index.php\/wp-json\/wp\/v2\/pages\/78","targetHints":{"allow":["GET"]}}],"collection":[{"href":"https:\/\/morglblmusic.com\/index.php\/wp-json\/wp\/v2\/pages"}],"about":[{"href":"https:\/\/morglblmusic.com\/index.php\/wp-json\/wp\/v2\/types\/page"}],"author":[{"embeddable":true,"href":"https:\/\/morglblmusic.com\/index.php\/wp-json\/wp\/v2\/users\/1"}],"replies":[{"embeddable":true,"href":"https:\/\/morglblmusic.com\/index.php\/wp-json\/wp\/v2\/comments?post=78"}],"version-history":[{"count":9,"href":"https:\/\/morglblmusic.com\/index.php\/wp-json\/wp\/v2\/pages\/78\/revisions"}],"predecessor-version":[{"id":259,"href":"https:\/\/morglblmusic.com\/index.php\/wp-json\/wp\/v2\/pages\/78\/revisions\/259"}],"wp:attachment":[{"href":"https:\/\/morglblmusic.com\/index.php\/wp-json\/wp\/v2\/media?parent=78"}],"curies":[{"name":"wp","href":"https:\/\/api.w.org\/{rel}","templated":true}]}}